. What is the units digit of z?
8
Suppose 5396 = 2*c - 799*n + 800*n, -n - 8094 = -3*c. What is the units digit of c?
8
What is the tens digit of -9*1 - (-1)/(13/38298)?
3
Let n be (-25)/(-5) + (-3 + 0 - -2). Suppose 2*r - 6 = -n*g, -5*r = 7*g - 4*g - 1. What is the tens digit of (342/76)/(1/(-8)*r)?
3
Suppose -3*g + 0*j + 3*j = 66, 5*j = g + 26. Let i = g + 25. Suppose i*b = 2*a - 420, 3*a + a - 5*b = 825. What is the tens digit of a?
0
Suppose 0 = -7*d + 1815 + 558. Let c = d + 633. What is the tens digit of c?
7
Suppose -u + 0*u + 45 = 4*m, 72 = 5*m - 4*u. What is the hundreds digit of 60/m + 4 + 682 + -3?
6
What is the hundreds digit of 6*6486/12 + 0 - 5 - 5?
2
Let j = 38533 - 19137. What is the thousands digit of j?
9
Suppose -4*o = -5*x - 29, -6*x - 10 = -o - 2*x. Suppose -6*l - 6 - o = 0. Let p = 33 - l. What is the tens digit of p?
3
Let u = -24 - -5. Let t = u + 275. What is the units digit of t?
6
Suppose -18*n = -3*p - 184107, 13717 = 3*n + 3*p - 16943. What is the hundreds digit of n?
2
Suppose 2*o - 118748 = -4*y, -y - 3407 + 33106 = 2*o. What is the units digit of y?
3
Suppose -3*h + h - 5*k + 1713 = 0, 4*k + 20 = 0. Let f = h - 439. What is the hundreds digit of f?
4
Let w = 776 - 1095. Let u = 1411 + w. What is the tens digit of u?
9
Let g(f) = 2*f. Let r be g(3). Let t be 330/132*1/(10/(-32)). What is the units digit of (-200 + t/4)*(-3)/r?
1
Let v(y) = 16*y**2 - 4. Let w(n) = 49*n**2 + n - 12. Let q(k) = 7*v(k) - 2*w(k). Suppose -62*h - 5*i - 2 = -56*h, i - 4 = h. What is the units digit of q(h)?
6
Suppose v - 156*u + 152*u - 8071 = 0, -5*u + 8125 = v. What is the units digit of v?
5
Suppose -x + 10*x = 17559. Suppose 5*r + 3*l = 4924, 5*l + x = 37*r - 35*r. What is the units digit of r?
3
Suppose 0*l = 30*l + 22*l - 1709500. What is the hundreds digit of l?
8
Suppose 0 = -61*p + 60*p + 14217. What is the units digit of p?
7
Suppose 29*x - 8 = 33*x. What is the units digit of (2 + (-1375)/10)/(x/24)?
6
Suppose 0 = -2*h - 2*h - 16, -2*d + 138 = 4*h. Suppose 8*o + d - 29 = 0. What is the tens digit of 3 + 19 + (-12)/o?
2
Let s(o) = o**3 + 18*o**2 - 19*o + 8. Let x be s(-19). Suppose -181 = -3*m + x. Let n = m - 6. What is the tens digit of n?
5
What is the hundreds digit of (2 - (-21)/(-12))/((-28)/84)*-26640?
9
Suppose -t - 9619 = -w, -280*w - 3*t - 9611 = -281*w. What is the thousands digit of w?
9
Let n = 7 - 1. Suppose -2*d = -i - 12, -4*i + n*d - 39 = d. What is the tens digit of (-62)/i*7 - 4/12?
7
Suppose -3*m + 42589 + 39335 = 2*k, 3*k - 122903 = 4*m. What is the units digit of k?
5
Let z(b) = 10 - 1 - 2*b - 3*b - b - b**2. Let h be z(-7). Suppose -3*n + h*w + 172 = 0, 6*n - n = 4*w + 290. What is the units digit of n?
4
Suppose -57124 = 27*l - 321508. What is the hundreds digit of l?
7
Suppose 3*n = 3*w + 131049, 436*n - 2*w + 87366 = 438*n. What is the thousands digit of n?
3
Let h be (-6)/(-6)*(0 - -2). Suppose 4*v - 36 = -5*i, -6 = -5*i + 3*v + h. Suppose 6*y = i*y + 146. What is the units digit of y?
3
Let u = 385 + -223. Suppose u = -8*c + 1354. What is the hundreds digit of c?
1
Suppose -5*g - 29779 = 2*u - 158701, -4*g + 103132 = -4*u. What is the units digit of g?
4
Suppose d = 3*q - 52423, -37*q + 34*q + 52424 = -2*d. What is the hundreds digit of q?
4
Suppose -3*u + 17119 = 5*o + 4942, 4*o + 5*u = 9726. What is the units digit of o?
9
Suppose -688 - 107 = -15*i. Let t = i + -3. What is the units digit of t?
0
Suppose 0*q - 50 = q. Suppose 15*w + 630 = 195. Let r = w - q. What is the tens digit of r?
2
Suppose -9*p - 2*p - 6644 = 0. Let v = p + 355. Let u = 382 + v. What is the tens digit of u?
3
Let m(g) be the third derivative of -1/40*g**6 + 0*g**3 + 0*g**5 + 1/6*g**4 + 0*g + 0 + 8*g**2. What is the tens digit of m(-3)?
6
Suppose -6*u + 272 + 172 = 0. Suppose -3*y + 8*y - 225 = 0. Let q = u - y. What is the tens digit of q?
2
Let z(r) = 45*r**2 + 76*r - 425. What is the units digit of z(-33)?
2
Suppose z - 11314 = -4*u, 41*z - 4*u = 40*z + 11266. What is the thousands digit of z?
1
Suppose 150 = 13*w + 12*w. What is the hundreds digit of -5*((-32)/5 + w) + 2050?
0
Let i(q) be the second derivative of -14*q**3/3 + 3*q**2 + 11*q. Let f be i(2). Let n = f - -129. What is the units digit of n?
9
Let h = 10158 + -5028. What is the hundreds digit of h?
1
Let r(q) = q**3 + q**2 - 5. Let g be r(0). Let y = g + 12. Suppose 4*m - y - 57 = 0. What is the tens digit of m?
1
Let m(s) = 12*s + 61. Let k be m(-8). What is the tens digit of 22/4*(k - -37)?
1
Let o(n) = -20*n**2 + n + 19. Let h be o(6). Let v(g) = 3*g + 6. Let x be v(-4). What is the tens digit of h/x + (-9)/(-54)?
1
Suppose 90*t - 32*t - 41*t = 292740. What is the ten thousands digit of t?
1
Suppose 1098 = 4*z - 5*o + 7*o, -3*z = -o - 816. Suppose -4*b + 651 + z = -2*a, -675 = -3*b - 3*a. What is the tens digit of b?
2
Suppose 3*w - 5*w - 26 = 0. Let j be ((-397)/2)/(w/(-26))*-1. Let a = j + -150. What is the units digit of a?
7
Let q = 207 - -579. What is the units digit of q/(-9)*(-9)/(-18)*-15?
5
What is the thousands digit of -7 + (-1 - -5) - -3809?
3
Let f = 38207 + -17539. What is the tens digit of f?
6
Let r be -40 + 84 + 1*4. Suppose 3*g - 4*f - 1207 = 0, 46*f - 808 = -2*g + r*f. What is the hundreds digit of g?
4
Let u = 513 + -917. Let w = u + 1166. What is the hundreds digit of w?
7
Let z = 77 - 72. Suppose -3 = k + 2, v = -z*k + 738. What is the units digit of v?
3
Let s(w) = -w**2 - 13*w + 31. Let r be s(-15). Suppose -7*d + 295 - r = 0. What is the units digit of d?
2
Let s(x) = 218*x + 48. Let j be s(-3). Let m = 1410 + j. What is the units digit of m?
4
What is the hundreds digit of (1226559/(-282))/(2/(-4))?
6
Let l(y) = -y - 1. Let n be l(-10). Let z be (5 - 2) + (5 - n) + 351. Let m = z - 143. What is the units digit of m?
7
Suppose 162 = -11*j + 19. Let b be j + 14 + (5 + 1 - 2). Suppose b*v - 132 = 143. What is the units digit of v?
5
Let s(j) = -2*j**3 - 44*j**2 - 755*j + 77. What is the hundreds digit of s(-26)?
1
Let g = 92 + -90. Suppose -2*b = -3*m + 130, -g*m = -0*m + 2*b - 90. Let a = m + 76. What is the hundreds digit of a?
1
Let p = -2018 - -3030. Suppose h = 4*s + p, -3041 = -3*h - s + 21. What is the thousands digit of h?
1
Suppose 4*c + 102124 = 4*p, -102112 = 19*p - 23*p + 2*c. What is the thousands digit of p?
5
Let z be (-2)/((-1)/13*1). Suppose 264 - 282 = -3*v. Suppose -v*n = -196 - z. What is the tens digit of n?
3
Suppose -2*z = -7*z - 70. What is the units digit of 12/z*-595*1?
0
Suppose -4*g = -x - 16, 4*x + 20 = 2*g - 2. Suppose 2*n - 4*v = -g*v + 549, -v = 3*n - 816. What is the tens digit of n?
7
Suppose -539 - 27 = -2*d. Suppose 3*n + 4*v = 136 + 710, v = -n + d. What is the hundreds digit of n?
2
Let p(i) = 325*i + 2 + 0 + 2 - 278*i. What is the tens digit of p(2)?
9
Suppose -2*n = -1342 - 5506. What is the tens digit of n?
2
Let k(s) = -511*s**3 + s**2 - 116*s - 229. What is the units digit of k(-2)?
5
Suppose 2*q = -19*p + 18*p + 6, -15 = -3*q - 3*p. What is the thousands digit of 1266 + (q*3)/((-3)/5)?
1
Let n(b) = b**2 - 19*b + 69. Let c be n(6). Let k = c + 3. What is the hundreds digit of 127 - -4*k/12?
1
Let r = -837 - -839. What is the units digit of ((-85)/r)/(90/(-216))?
2
Suppose v = -1 + 5, 5*f + 5*v - 2290 = 0. Let a = f - 273. Let s = a + -84. What is the tens digit of s?
9
Let r(x) = -x**2 - 3*x - 51. Let d(h) = -h**2 - 4*h - 77. Let c(f) = 5*d(f) - 8*r(f). What is the units digit of c(-11)?
2
Suppose 0 = -11*l + 15 - 4. What is the tens digit of (21 + -81)/(l/(-29))?
4
Suppose 2396880 = 342*c - 4553928. What is the thousands digit of c?
0
Let q = -703 - -355. Let r = 764 + q. What is the tens digit of r?
1
Let l = 107 - 107. Let g(w) = -2*w + 219. What is the hundreds digit of g(l)?
2
What is the tens digit of (20 - 888624/(-24)) + 11?
5
Suppose 0 = 2*t + 3*z - 8651, 3*z = -4*t + 7587 + 9724. What is the tens digit of t?
3
Let k = -46089 - -82366. What is the thousands digit of k?
6
Let x be (-1974)/(-4) - (-10)/(-20). Let f(s) = -s**3 + 10*s**2 + 27*s + 24. Let b be f(10). Let o = x - b. What is the units digit of o?
9
Let h(s) = 267*s - 1340. What is the tens digit of h(35)?
0
Let l be ((-30)/4)/(12/16). Let s = l - -15. Suppose 8 = 4*y, -s*k - y - 3*y = -403. What is the tens digit of k